2.
11
Suppose 0 = -8*c + 5*c + 75. Calculate the remainder when 3 + (-184)/(-5 - -1) is divided by c.
24
Let b(o) = o**3 - 5*o + o + 1 - o**2 + 1. Suppose -2*q = 2 - 8. Calculate the remainder when b(3) is divided by q.
2
Let f(k) be the third derivative of -k**5/60 - 11*k**4/24 + 11*k**3/6 + 3*k**2. What is the remainder when f(-8) is divided by 12?
11
Let b = 13 - 0. What is the remainder when b is divided by 4?
1
Let l = -83 + 160. What is the remainder when l is divided by 26?
25
Suppose 3*k - 2*c = 200, 138 = 2*k - 4*c + 10. Calculate the remainder when k is divided by 23.
22
Let j = -5 - -10. Suppose 3*t - j*t + 5*i + 5 = 0, 3*i + 3 = t. Suppose -q + 34 = 2*a - 2*q, -3*q = t. What is the remainder when 32 is divided by a?
15
Let w(d) = 5*d**2 + 3*d - 1. Calculate the remainder when w(3) is divided by -2 - (-91)/(-7)*(0 + -1).
9
Let j be 3/(-9) - 32/3. Let f be 12*-1*(-1)/(-2). Let p = f - j. What is the remainder when 9 is divided by p?
4
Suppose 4*v + 11 - 31 = 0. Suppose -3*u = -19 - v. What is the remainder when 13 is divided by u?
5
Let y(s) = 2*s**2 + 5*s + 6. Let q be y(-7). What is the remainder when (2 + (-10)/6)*q is divided by 8?
7
Let y(t) = t**2 + 2. Let m(u) = -u - 1. Let z be m(2). Calculate the remainder when y(z) is divided by 6.
5
Let f(b) be the second derivative of -b**4/12 + b**3 - 3*b**2/2 + 2*b. What is the remainder when f(2) is divided by (-6 + 0)/(-2)*1?
2
Suppose 5*x + 0*x = 75. Let j = 31 - -12. Calculate the remainder when j is divided by x.
13
Let n(x) = x**2 + 9*x + 12. Let s be n(-8). Let h(q) = 2*q**3 - 9*q**2 + s - 3 + 5*q**2. Calculate the remainder when h(3) is divided by 10.
9
Let k = -20 - -39. Calculate the remainder when k is divided by 6.
1
Suppose -5*h + 8 + 6 = -l, -28 = -4*h + 5*l. Let w be (1/3)/(h/36). Calculate the remainder when w/((-3)/(9/(-2))) is divided by 6.
3
Suppose -2*n + 26 = -18. Let f = 42 - n. Calculate the remainder when 39 is divided by f.
19
Suppose 0 = -2*f - f + 3*j + 180, 3*j = 4*f - 240. Suppose -f + 164 = 4*c. Let g = 27 + -18. What is the remainder when c is divided by g?
8
Let i(m) = -2*m + 1. Let x(f) = 4*f + 1. Let u(o) = -5*o - 2. Let b(j) = -5*u(j) - 6*x(j). Calculate the remainder when i(-6) is divided by b(3).
6
Let z = 8 - -2. Calculate the remainder when 35 is divided by (-118)/(-10) - (-2)/z.
11
Let t(l) = l**2 - 2*l. Suppose 8 = g + 3*g. Let c be t(g). Suppose c = -u, 0 = -2*j + u + 2*u + 18. What is the remainder when 26 is divided by j?
8
Let u = 82 - -1. Calculate the remainder when u is divided by 17.
15
Let y(h) = 2*h**2 - 3*h**2 - 2*h + 2*h**3 + h. Let v be y(-1). What is the remainder when 10 - (4 - 0)/v is divided by 7?
5
Let d = -17 - -29. Let b(i) be the first derivative of 5*i**2 + 2*i - 3. Calculate the remainder when b(2) is divided by d.
10
Let p = 5 + -5. Suppose p = 3*u - 30 - 63. Let v(c) = -c**2 + 7*c + 1. What is the remainder when u is divided by v(5)?
9
Calculate the remainder when (-4 - (1 + -1)) + 98 is divided by 48.
46
Let m = -135 + 191. What is the remainder when 390 is divided by m?
54
Suppose 5*m + 10*r = 11*r + 59, -r - 26 = -2*m. What is the remainder when 86 is divided by m?
9
Let b = 4 - -8. Calculate the remainder when b is divided by 7.
5
Suppose 2*n - 4*i = -0*n - 6, -i = 4*n + 21. Let s(q) = -q**3 - 2*q**2 + 7*q. Let m = -4 + 18. Calculate the remainder when s(n) is divided by m.
12
Suppose -2*f + 7*v = 2*v - 18, v = -2*f + 18. What is the remainder when f is divided by 2?
1
Let i(d) = -9*d - 1. Let a = -4 + 13. Calculate the remainder when i(-3) is divided by a.
8
Calculate the remainder when (-5)/2*(-22 - (-16)/(-4)) is divided by 17.
14
Let g = 18 - 16. Let m be ((-6)/8)/(4/16). What is the remainder when (-21)/m*(2 - 1) is divided by g?
1
Suppose 3*q = -2*l + 38, 3*q - 42 = -2*l - l. Let r(u) = -u**2 - 7*u - 7. Let g be r(-5). Let p = 16 + g. What is the remainder when p is divided by q?
9
Let m(p) = 3*p. Let t be m(1). What is the remainder when 44 is divided by (-1148)/(-49) - t/7?
21
Calculate the remainder when 354/10 + (-10)/25 is divided by 19.
16
Calculate the remainder when 20/15 - (-158)/3 is divided by 19.
16
Let a = -32 + 53. Calculate the remainder when a is divided by 11.
10
Suppose 23 = 5*a + 3. Suppose 2*h = 2*n - 20, 1 = n + 2*h + 3. What is the remainder when (-4)/(-16) + 63/a is divided by n?
4
Let i = -11 + 19. Let h(m) = -m**3 + 8*m**2 + 3*m - 8. Calculate the remainder when 61 is divided by h(i).
13
Let y(x) = -9*x + 1. Let n(w) be the third derivative of -11*w**4/24 - 2*w**3/3 - 2*w**2. Calculate the remainder when n(-3) is divided by y(-1).
9
Let q = 1 + -5. Let z(d) = 18*d + 5. Let o(w) = 37*w + 11. Let f(a) = 6*o(a) - 13*z(a). What is the remainder when f(q) is divided by 17?
15
Let j = 181 - 99. What is the remainder when j is divided by 17?
14
Suppose 0 = i - 2*i. Suppose i = 4*u + 3*m - 86, 5*u - 109 = -2*m - m. What is the remainder when u is divided by 12?
11
Let m be 8 + -5 + 1 + 0. Suppose d - 25 = -m*d. Calculate the remainder when 14 is divided by d.
4
Let w(a) be the first derivative of -8*a**2 - a - 1. Calculate the remainder when 44 is divided by w(-1).
14
Let s(r) = 5*r - 1. Calculate the remainder when 40 is divided by s(3).
12
Let k(b) = 39*b - 48. Calculate the remainder when k(5) is divided by 37.
36
Suppose -8 + 64 = 4*h. Calculate the remainder when 55 is divided by h.
13
Calculate the remainder when 100/15*132/10 is divided by 18.
16
Let d = -9 + 17. Suppose 3*f = f + d. What is the remainder when 19 is divided by f?
3
Let w(p) = -p**2 - p + 10. What is the remainder when 38 is divided by w(0)?
8
Let a(k) = k**2 + 14*k + 19. What is the remainder when 41 is divided by a(-13)?
5
Suppose 3*k = -2*k + 20. Suppose -8*z + k*z = -56. What is the remainder when z is divided by 5?
4
Let f(a) = -a**2 + 6*a + 3. Let h be f(6). Suppose 13 = h*v - 32. What is the remainder when 44 is divided by v?
14
Suppose 0 = h - 0*h - 23. Let w = -52 + 120. What is the remainder when w is divided by h?
22
Let g = -7 - -64. Let q(s) = 6*s**2 - s - 2. Let h be q(2). Suppose u = -2*b + 25, -u + 2*b = u - h. What is the remainder when g is divided by u?
12
Suppose 3*z - 2*d = 40, 3*d + 30 = 2*z - 0*d. Let i = 7 + z. Let g = 36 + 0. What is the remainder when g is divided by i?
17
Let o(r) = -16*r**2 - 2*r - 1. Let w be o(-2). Suppose -5*i = 20, -2*j - i = i - 196. Let p = j + w. What is the remainder when p is divided by 14?
13
Suppose 9*u = 4*u + 160. Let z be -5*(-4)/(20/57). Let c = z - u. What is the remainder when c is divided by 13?
12
Suppose 5*a + 2 = 77. Suppose 316 + 14 = 5*f. Suppose -2*s - 10 = -f. Calculate the remainder when s is divided by a.
13
Let u = -56 + 68. What is the remainder when 47 is divided by u?
11
What is the remainder when (-27 - -27) + 33 + 0 is divided by 14?
5
Let u be -4 + (4/(-2) - -4). Let q = 11 - u. Let x = 89 + -52. Calculate the remainder when x is divided by q.
11
Suppose -8*p + 5*p = -48. Calculate the remainder when 109 is divided by p.
13
Suppose -10 = -4*v - 2*a - 0, 0 = -2*a - 6. Calculate the remainder when ((-14)/v)/((-3)/12) is divided by 5.
4
Suppose -3*k + 82 = 5*r, 16 = -0*r - 4*r. Suppose -2*l + 78 = 4*i, -2*i = -l + 13 + k. What is the remainder when l is divided by 15?
13
Let o = -134 - -193. Suppose 4*z - o = 13. What is the remainder when z is divided by 10?
8
Suppose q = c - 33, -4*c + q + 157 = 19. Calculate the remainder when 174 is divided by c.
34
Let u = 34 + -50. Let i = 49 + u. What is the remainder when i is divided by 9?
6
Suppose -3*g + 149 = -4*o, -5*g - 2*o + 259 = 2*o. Suppose g = 2*c + 13. Calculate the remainder when 36 is divided by c.
17
Suppose -5 = d, -4*b + 5*d = -4 - 109. Calculate the remainder when (4 - 5)/((-3)/195) is divided by b.
21
Let n(f) = 4*f**3 + f**2 - 5*f + 2. Let g(y) = 3*y**3 + 2*y**2 - 5*y + 1. Let c(w) = 5*g(w) - 4*n(w). What is the remainder when c(4) is divided by 5?
4
Calculate the remainder when (-11)/(-33) - 92/(-3) is divided by 16.
15
What is the remainder when 53/1 - (4 + -1) is divided by 138/8 + 1/(-4)?
16
Suppose -5*p - 30 = 30. What is the remainder when (104/p)/((-4)/6) is divided by 7?
6
Let q = 34 - 15. Calculate the remainder when 56 is divided by q.
18
Suppose -2*z - 7 = -s, -z + 0*s = 